{"id":10,"date":"2024-05-24T10:21:16","date_gmt":"2024-05-24T10:21:16","guid":{"rendered":"http:\/\/mein-studio.de\/?page_id=10"},"modified":"2024-10-10T09:03:55","modified_gmt":"2024-10-10T09:03:55","slug":"ueber-uns","status":"publish","type":"page","link":"https:\/\/mein-studio.de\/?page_id=10","title":{"rendered":"\u00dcber uns"},"content":{"rendered":"\t\t<div data-elementor-type=\"wp-page\" data-elementor-id=\"10\" class=\"elementor elementor-10\">\n\t\t\t\t<div class=\"elementor-element elementor-element-f7c908d e-flex e-con-boxed e-con e-parent\" data-id=\"f7c908d\" data-element_type=\"container\" data-e-type=\"container\">\n\t\t\t\t\t<div class=\"e-con-inner\">\n\t\t\t\t<div class=\"elementor-element elementor-element-cfe7e08 elementor-widget elementor-widget-image\" data-id=\"cfe7e08\" data-element_type=\"widget\" data-e-type=\"widget\" data-widget_type=\"image.default\">\n\t\t\t\t<div class=\"elementor-widget-container\">\n\t\t\t\t\t\t\t\t\t\t\t\t\t\t\t<img decoding=\"async\" src=\"https:\/\/mein-studio.de\/wp-content\/uploads\/2024\/06\/I92A9760.2-1.jpg\" title=\"\u00dcber-Uns.jpg\" alt=\"Kurzhanteln aufgereiht auf einem Regal mit einem roten Filter und der Aufschrift: \u00dcber uns\" loading=\"lazy\" \/>\t\t\t\t\t\t\t\t\t\t\t\t\t\t\t<\/div>\n\t\t\t\t<\/div>\n\t\t\t\t\t<\/div>\n\t\t\t\t<\/div>\n\t\t<div class=\"elementor-element elementor-element-07c6217 e-flex e-con-boxed e-con e-parent\" data-id=\"07c6217\" data-element_type=\"container\" data-e-type=\"container\">\n\t\t\t\t\t<div class=\"e-con-inner\">\n\t\t\t\t<div class=\"elementor-element elementor-element-49cbb57 elementor-widget__width-initial elementor-widget elementor-widget-text-editor\" data-id=\"49cbb57\" data-element_type=\"widget\" data-e-type=\"widget\" data-widget_type=\"text-editor.default\">\n\t\t\t\t<div class=\"elementor-widget-container\">\n\t\t\t\t\t\t\t\t\t<p>Wir sind stolz darauf, dir ein Fitnessstudio zu bieten, das nicht nur auf Fitness und Gesundheit, sondern auch auf pers\u00f6nliche Betreuung und famili\u00e4re Atmosph\u00e4re setzt. Bei uns wirst du nicht nur als Mitglied, sondern als Teil unserer Fitnessfamilie betrachtet.<\/p><p>Auf dieser Seite m\u00f6chten wir dir unser gesamtes Team vorstellen. Von den freundlichen Thekenkr\u00e4ften, \u00fcber unsere erfahrenen Kursleiter und Trainer bis hin zu unserem kompetenten Physiotherapeuten und unserer engagierten Chefin \u2013 die bereits \u00fcber 30 Jahre Erfahrung in der Fitnessbranche gesammelt hat. Jedes Mitglied unseres Teams tr\u00e4gt dazu bei, dass du dich bei uns rundum wohl f\u00fchlst und deine Fitnessziele erfolgreich erreichst.<\/p>\t\t\t\t\t\t\t\t<\/div>\n\t\t\t\t<\/div>\n\t\t\t\t<div class=\"elementor-element elementor-element-5f97268 elementor-widget elementor-widget-image-gallery\" data-id=\"5f97268\" data-element_type=\"widget\" data-e-type=\"widget\" data-widget_type=\"image-gallery.default\">\n\t\t\t\t<div class=\"elementor-widget-container\">\n\t\t\t\t\t\t\t<div class=\"elementor-image-gallery\">\n\t\t\t\n\t\t<style type=\"text\/css\">\n\t\t\t#gallery-1 {\n\t\t\t\tmargin: auto;\n\t\t\t}\n\t\t\t#gallery-1 .gallery-item {\n\t\t\t\tfloat: left;\n\t\t\t\tmargin-top: 10px;\n\t\t\t\ttext-align: center;\n\t\t\t\twidth: 33%;\n\t\t\t}\n\t\t\t#gallery-1 img {\n\t\t\t\tborder: 2px solid #cfcfcf;\n\t\t\t}\n\t\t\t#gallery-1 .gallery-caption {\n\t\t\t\tmargin-left: 0;\n\t\t\t}\n\t\t\t\/* see gallery_shortcode() in wp-includes\/media.php *\/\n\t\t<\/style>\n\t\t<div id='gallery-1' class='gallery galleryid-10 gallery-columns-3 gallery-size-post-thumbnail'><dl class='gallery-item'>\n\t\t\t<dt class='gallery-icon landscape'>\n\t\t\t\t<a data-elementor-open-lightbox=\"yes\" data-elementor-lightbox-slideshow=\"5f97268\" data-elementor-lightbox-title=\"Tean.jpg\" data-elementor-lightbox-description=\"Alle Team-Mitglieder und verschiedene Utensilien sind als Requisiten eingesetzt.\" data-e-action-hash=\"#elementor-action%3Aaction%3Dlightbox%26settings%3DeyJpZCI6NjM3LCJ1cmwiOiJodHRwczpcL1wvbWVpbi1zdHVkaW8uZGVcL3dwLWNvbnRlbnRcL3VwbG9hZHNcLzIwMjRcLzEwXC8zMDM1NjZhOC00MGJkLTQ0NTQtOTlhYi1mZWY0MDkzNGNmMTguanBlZyIsInNsaWRlc2hvdyI6IjVmOTcyNjgifQ%3D%3D\" href='https:\/\/mein-studio.de\/wp-content\/uploads\/2024\/10\/303566a8-40bd-4454-99ab-fef40934cf18.jpeg'><img fetchpriority=\"high\" decoding=\"async\" width=\"720\" height=\"380\" src=\"https:\/\/mein-studio.de\/wp-content\/uploads\/2024\/10\/303566a8-40bd-4454-99ab-fef40934cf18-720x380.jpeg\" class=\"attachment-post-thumbnail size-post-thumbnail\" alt=\"Gruppenfoto mit dem gesamten Team\" aria-describedby=\"gallery-1-637\" \/><\/a>\n\t\t\t<\/dt>\n\t\t\t\t<dd class='wp-caption-text gallery-caption' id='gallery-1-637'>\n\t\t\t\tGruppenfoto mit dem gesamten Team \u00a9 2024 by Sina Spanheimer\n\t\t\t\t<\/dd><\/dl><dl class='gallery-item'>\n\t\t\t<dt class='gallery-icon landscape'>\n\t\t\t\t<a data-elementor-open-lightbox=\"yes\" data-elementor-lightbox-slideshow=\"5f97268\" data-elementor-lightbox-title=\"Trainer.jpg\" data-elementor-lightbox-description=\"Gruppenfoto mit den Trainern\" data-e-action-hash=\"#elementor-action%3Aaction%3Dlightbox%26settings%3DeyJpZCI6NjM4LCJ1cmwiOiJodHRwczpcL1wvbWVpbi1zdHVkaW8uZGVcL3dwLWNvbnRlbnRcL3VwbG9hZHNcLzIwMjRcLzEwXC84NDM4ODAwYy1mOWU4LTQ3NmEtOGZjOS1iZDBkOTJlYjkzMDIuanBlZyIsInNsaWRlc2hvdyI6IjVmOTcyNjgifQ%3D%3D\" href='https:\/\/mein-studio.de\/wp-content\/uploads\/2024\/10\/8438800c-f9e8-476a-8fc9-bd0d92eb9302.jpeg'><img decoding=\"async\" width=\"720\" height=\"380\" src=\"https:\/\/mein-studio.de\/wp-content\/uploads\/2024\/10\/8438800c-f9e8-476a-8fc9-bd0d92eb9302-720x380.jpeg\" class=\"attachment-post-thumbnail size-post-thumbnail\" alt=\"Gruppenfoto mit den Trainern\" aria-describedby=\"gallery-1-638\" \/><\/a>\n\t\t\t<\/dt>\n\t\t\t\t<dd class='wp-caption-text gallery-caption' id='gallery-1-638'>\n\t\t\t\tGruppenfoto mit den Trainern \u00a9 2024 by Sina Spanheimer\n\t\t\t\t<\/dd><\/dl><dl class='gallery-item'>\n\t\t\t<dt class='gallery-icon landscape'>\n\t\t\t\t<a data-elementor-open-lightbox=\"yes\" data-elementor-lightbox-slideshow=\"5f97268\" data-elementor-lightbox-title=\"Thekenkr\u00e4fte.jpg\" data-elementor-lightbox-description=\"Gruppenfoto mit  den Thekenkr\u00e4ften\" data-e-action-hash=\"#elementor-action%3Aaction%3Dlightbox%26settings%3DeyJpZCI6NjM1LCJ1cmwiOiJodHRwczpcL1wvbWVpbi1zdHVkaW8uZGVcL3dwLWNvbnRlbnRcL3VwbG9hZHNcLzIwMjRcLzEwXC8xM2E4OWZmYy02YTZiLTQ4ZmQtODIzNi04YzA5YTQ4ZjhjMjIuanBlZyIsInNsaWRlc2hvdyI6IjVmOTcyNjgifQ%3D%3D\" href='https:\/\/mein-studio.de\/wp-content\/uploads\/2024\/10\/13a89ffc-6a6b-48fd-8236-8c09a48f8c22.jpeg'><img decoding=\"async\" width=\"720\" height=\"380\" src=\"https:\/\/mein-studio.de\/wp-content\/uploads\/2024\/10\/13a89ffc-6a6b-48fd-8236-8c09a48f8c22-720x380.jpeg\" class=\"attachment-post-thumbnail size-post-thumbnail\" alt=\"Gruppenfoto mit den Thekenkr\u00e4ften\" aria-describedby=\"gallery-1-635\" \/><\/a>\n\t\t\t<\/dt>\n\t\t\t\t<dd class='wp-caption-text gallery-caption' id='gallery-1-635'>\n\t\t\t\tGruppenfoto mit  den Thekenkr\u00e4ften \u00a9 2024 by Sina Spanheimer\n\t\t\t\t<\/dd><\/dl><br style=\"clear: both\" \/>\n\t\t<\/div>\n\t\t<\/div>\n\t\t\t\t\t\t<\/div>\n\t\t\t\t<\/div>\n\t\t\t\t\t<\/div>\n\t\t\t\t<\/div>\n\t\t\t\t<\/div>\n\t\t","protected":false},"excerpt":{"rendered":"<p>Wir sind stolz darauf, dir ein Fitnessstudio zu bieten, das nicht nur auf Fitness und Gesundheit, sondern auch auf pers\u00f6nliche Betreuung und famili\u00e4re Atmosph\u00e4re setzt. Bei uns wirst du nicht nur als Mitglied, sondern als Teil unserer Fitnessfamilie betrachtet. Auf dieser Seite m\u00f6chten wir dir unser gesamtes Team vorstellen. Von den freundlichen Thekenkr\u00e4ften, \u00fcber unsere [&hellip;]<\/p>\n","protected":false},"author":1,"featured_media":0,"parent":0,"menu_order":0,"comment_status":"closed","ping_status":"closed","template":"","meta":{"footnotes":""},"class_list":["post-10","page","type-page","status-publish","hentry","post"],"yoast_head":"<!-- This site is optimized with the Yoast SEO plugin v27.4 - https:\/\/yoast.com\/product\/yoast-seo-wordpress\/ -->\n<title>\u00dcber uns - Mein Fitness &amp; Wellness Studio<\/title>\n<meta name=\"description\" content=\"Erfahre mehr \u00fcber unser privates, famili\u00e4res Fitnessstudio und lerne unser gesamtes Team un die Umgebung n\u00e4her kennen.\" \/>\n<meta name=\"robots\" content=\"index, follow, max-snippet:-1, max-image-preview:large, max-video-preview:-1\" \/>\n<link rel=\"canonical\" href=\"https:\/\/mein-studio.de\/?page_id=10\" \/>\n<meta property=\"og:locale\" content=\"de_DE\" \/>\n<meta property=\"og:type\" content=\"article\" \/>\n<meta property=\"og:title\" content=\"\u00dcber uns - Mein Fitness &amp; Wellness Studio\" \/>\n<meta property=\"og:description\" content=\"Erfahre mehr \u00fcber unser privates, famili\u00e4res Fitnessstudio und lerne unser gesamtes Team un die Umgebung n\u00e4her kennen.\" \/>\n<meta property=\"og:url\" content=\"https:\/\/mein-studio.de\/?page_id=10\" \/>\n<meta property=\"og:site_name\" content=\"Mein Fitness &amp; Wellness Studio\" \/>\n<meta property=\"article:modified_time\" content=\"2024-10-10T09:03:55+00:00\" \/>\n<meta property=\"og:image\" content=\"http:\/\/mein-studio.de\/wp-content\/uploads\/2024\/06\/I92A9760.2-1.jpg\" \/>\n<meta name=\"twitter:card\" content=\"summary_large_image\" \/>\n<meta name=\"twitter:label1\" content=\"Gesch\u00e4tzte Lesezeit\" \/>\n\t<meta name=\"twitter:data1\" content=\"2\u00a0Minuten\" \/>\n<script type=\"application\/ld+json\" class=\"yoast-schema-graph\">{\"@context\":\"https:\\\/\\\/schema.org\",\"@graph\":[{\"@type\":\"WebPage\",\"@id\":\"https:\\\/\\\/mein-studio.de\\\/?page_id=10\",\"url\":\"https:\\\/\\\/mein-studio.de\\\/?page_id=10\",\"name\":\"\u00dcber uns - Mein Fitness &amp; Wellness Studio\",\"isPartOf\":{\"@id\":\"https:\\\/\\\/mein-studio.de\\\/#website\"},\"primaryImageOfPage\":{\"@id\":\"https:\\\/\\\/mein-studio.de\\\/?page_id=10#primaryimage\"},\"image\":{\"@id\":\"https:\\\/\\\/mein-studio.de\\\/?page_id=10#primaryimage\"},\"thumbnailUrl\":\"http:\\\/\\\/mein-studio.de\\\/wp-content\\\/uploads\\\/2024\\\/06\\\/I92A9760.2-1.jpg\",\"datePublished\":\"2024-05-24T10:21:16+00:00\",\"dateModified\":\"2024-10-10T09:03:55+00:00\",\"description\":\"Erfahre mehr \u00fcber unser privates, famili\u00e4res Fitnessstudio und lerne unser gesamtes Team un die Umgebung n\u00e4her kennen.\",\"breadcrumb\":{\"@id\":\"https:\\\/\\\/mein-studio.de\\\/?page_id=10#breadcrumb\"},\"inLanguage\":\"de\",\"potentialAction\":[{\"@type\":\"ReadAction\",\"target\":[\"https:\\\/\\\/mein-studio.de\\\/?page_id=10\"]}]},{\"@type\":\"ImageObject\",\"inLanguage\":\"de\",\"@id\":\"https:\\\/\\\/mein-studio.de\\\/?page_id=10#primaryimage\",\"url\":\"https:\\\/\\\/mein-studio.de\\\/wp-content\\\/uploads\\\/2024\\\/06\\\/I92A9760.2-1.jpg\",\"contentUrl\":\"https:\\\/\\\/mein-studio.de\\\/wp-content\\\/uploads\\\/2024\\\/06\\\/I92A9760.2-1.jpg\",\"width\":1920,\"height\":562,\"caption\":\"Kurzhanteln aufgereiht auf einem Regal mit einem roten Filter und der Aufschrift: \u00dcber uns: \u00a9 2024 by Sina Spanheimer\"},{\"@type\":\"BreadcrumbList\",\"@id\":\"https:\\\/\\\/mein-studio.de\\\/?page_id=10#breadcrumb\",\"itemListElement\":[{\"@type\":\"ListItem\",\"position\":1,\"name\":\"Startseite\",\"item\":\"https:\\\/\\\/mein-studio.de\\\/\"},{\"@type\":\"ListItem\",\"position\":2,\"name\":\"\u00dcber uns\"}]},{\"@type\":\"WebSite\",\"@id\":\"https:\\\/\\\/mein-studio.de\\\/#website\",\"url\":\"https:\\\/\\\/mein-studio.de\\\/\",\"name\":\"Mein Fitness &amp; Wellness Studio\",\"description\":\"\",\"publisher\":{\"@id\":\"https:\\\/\\\/mein-studio.de\\\/#organization\"},\"potentialAction\":[{\"@type\":\"SearchAction\",\"target\":{\"@type\":\"EntryPoint\",\"urlTemplate\":\"https:\\\/\\\/mein-studio.de\\\/?s={search_term_string}\"},\"query-input\":{\"@type\":\"PropertyValueSpecification\",\"valueRequired\":true,\"valueName\":\"search_term_string\"}}],\"inLanguage\":\"de\"},{\"@type\":\"Organization\",\"@id\":\"https:\\\/\\\/mein-studio.de\\\/#organization\",\"name\":\"Mein Fitness &amp; Wellness Studio\",\"url\":\"https:\\\/\\\/mein-studio.de\\\/\",\"logo\":{\"@type\":\"ImageObject\",\"inLanguage\":\"de\",\"@id\":\"https:\\\/\\\/mein-studio.de\\\/#\\\/schema\\\/logo\\\/image\\\/\",\"url\":\"https:\\\/\\\/mein-studio.de\\\/wp-content\\\/uploads\\\/2024\\\/05\\\/IMG_0971-1.jpeg\",\"contentUrl\":\"https:\\\/\\\/mein-studio.de\\\/wp-content\\\/uploads\\\/2024\\\/05\\\/IMG_0971-1.jpeg\",\"width\":1941,\"height\":779,\"caption\":\"Mein Fitness &amp; Wellness Studio\"},\"image\":{\"@id\":\"https:\\\/\\\/mein-studio.de\\\/#\\\/schema\\\/logo\\\/image\\\/\"}}]}<\/script>\n<!-- \/ Yoast SEO plugin. -->","yoast_head_json":{"title":"\u00dcber uns - Mein Fitness &amp; Wellness Studio","description":"Erfahre mehr \u00fcber unser privates, famili\u00e4res Fitnessstudio und lerne unser gesamtes Team un die Umgebung n\u00e4her kennen.","robots":{"index":"index","follow":"follow","max-snippet":"max-snippet:-1","max-image-preview":"max-image-preview:large","max-video-preview":"max-video-preview:-1"},"canonical":"https:\/\/mein-studio.de\/?page_id=10","og_locale":"de_DE","og_type":"article","og_title":"\u00dcber uns - Mein Fitness &amp; Wellness Studio","og_description":"Erfahre mehr \u00fcber unser privates, famili\u00e4res Fitnessstudio und lerne unser gesamtes Team un die Umgebung n\u00e4her kennen.","og_url":"https:\/\/mein-studio.de\/?page_id=10","og_site_name":"Mein Fitness &amp; Wellness Studio","article_modified_time":"2024-10-10T09:03:55+00:00","og_image":[{"url":"http:\/\/mein-studio.de\/wp-content\/uploads\/2024\/06\/I92A9760.2-1.jpg","type":"","width":"","height":""}],"twitter_card":"summary_large_image","twitter_misc":{"Gesch\u00e4tzte Lesezeit":"2\u00a0Minuten"},"schema":{"@context":"https:\/\/schema.org","@graph":[{"@type":"WebPage","@id":"https:\/\/mein-studio.de\/?page_id=10","url":"https:\/\/mein-studio.de\/?page_id=10","name":"\u00dcber uns - Mein Fitness &amp; Wellness Studio","isPartOf":{"@id":"https:\/\/mein-studio.de\/#website"},"primaryImageOfPage":{"@id":"https:\/\/mein-studio.de\/?page_id=10#primaryimage"},"image":{"@id":"https:\/\/mein-studio.de\/?page_id=10#primaryimage"},"thumbnailUrl":"http:\/\/mein-studio.de\/wp-content\/uploads\/2024\/06\/I92A9760.2-1.jpg","datePublished":"2024-05-24T10:21:16+00:00","dateModified":"2024-10-10T09:03:55+00:00","description":"Erfahre mehr \u00fcber unser privates, famili\u00e4res Fitnessstudio und lerne unser gesamtes Team un die Umgebung n\u00e4her kennen.","breadcrumb":{"@id":"https:\/\/mein-studio.de\/?page_id=10#breadcrumb"},"inLanguage":"de","potentialAction":[{"@type":"ReadAction","target":["https:\/\/mein-studio.de\/?page_id=10"]}]},{"@type":"ImageObject","inLanguage":"de","@id":"https:\/\/mein-studio.de\/?page_id=10#primaryimage","url":"https:\/\/mein-studio.de\/wp-content\/uploads\/2024\/06\/I92A9760.2-1.jpg","contentUrl":"https:\/\/mein-studio.de\/wp-content\/uploads\/2024\/06\/I92A9760.2-1.jpg","width":1920,"height":562,"caption":"Kurzhanteln aufgereiht auf einem Regal mit einem roten Filter und der Aufschrift: \u00dcber uns: \u00a9 2024 by Sina Spanheimer"},{"@type":"BreadcrumbList","@id":"https:\/\/mein-studio.de\/?page_id=10#breadcrumb","itemListElement":[{"@type":"ListItem","position":1,"name":"Startseite","item":"https:\/\/mein-studio.de\/"},{"@type":"ListItem","position":2,"name":"\u00dcber uns"}]},{"@type":"WebSite","@id":"https:\/\/mein-studio.de\/#website","url":"https:\/\/mein-studio.de\/","name":"Mein Fitness &amp; Wellness Studio","description":"","publisher":{"@id":"https:\/\/mein-studio.de\/#organization"},"potentialAction":[{"@type":"SearchAction","target":{"@type":"EntryPoint","urlTemplate":"https:\/\/mein-studio.de\/?s={search_term_string}"},"query-input":{"@type":"PropertyValueSpecification","valueRequired":true,"valueName":"search_term_string"}}],"inLanguage":"de"},{"@type":"Organization","@id":"https:\/\/mein-studio.de\/#organization","name":"Mein Fitness &amp; Wellness Studio","url":"https:\/\/mein-studio.de\/","logo":{"@type":"ImageObject","inLanguage":"de","@id":"https:\/\/mein-studio.de\/#\/schema\/logo\/image\/","url":"https:\/\/mein-studio.de\/wp-content\/uploads\/2024\/05\/IMG_0971-1.jpeg","contentUrl":"https:\/\/mein-studio.de\/wp-content\/uploads\/2024\/05\/IMG_0971-1.jpeg","width":1941,"height":779,"caption":"Mein Fitness &amp; Wellness Studio"},"image":{"@id":"https:\/\/mein-studio.de\/#\/schema\/logo\/image\/"}}]}},"_links":{"self":[{"href":"https:\/\/mein-studio.de\/index.php?rest_route=\/wp\/v2\/pages\/10","targetHints":{"allow":["GET"]}}],"collection":[{"href":"https:\/\/mein-studio.de\/index.php?rest_route=\/wp\/v2\/pages"}],"about":[{"href":"https:\/\/mein-studio.de\/index.php?rest_route=\/wp\/v2\/types\/page"}],"author":[{"embeddable":true,"href":"https:\/\/mein-studio.de\/index.php?rest_route=\/wp\/v2\/users\/1"}],"replies":[{"embeddable":true,"href":"https:\/\/mein-studio.de\/index.php?rest_route=%2Fwp%2Fv2%2Fcomments&post=10"}],"version-history":[{"count":34,"href":"https:\/\/mein-studio.de\/index.php?rest_route=\/wp\/v2\/pages\/10\/revisions"}],"predecessor-version":[{"id":782,"href":"https:\/\/mein-studio.de\/index.php?rest_route=\/wp\/v2\/pages\/10\/revisions\/782"}],"wp:attachment":[{"href":"https:\/\/mein-studio.de\/index.php?rest_route=%2Fwp%2Fv2%2Fmedia&parent=10"}],"curies":[{"name":"wp","href":"https:\/\/api.w.org\/{rel}","templated":true}]}}